= -b + q, 3*k - 3*b = -39. Let x = 18 + k. What are the prime factors of x?
7
Let r(t) = 10 - 3 - t + 1. Suppose -3*z + 4*z = 3*u - 3, -2*u - 2*z = 6. List the prime factors of r(u).
2
Let q be 888/32*(-16)/(-6). Let j = 114 - q. What are the prime factors of j?
2, 5
Let c = 37 - 75. Let l be 2/(-9) + c/(-9). Suppose 4*m + 2*y - 6 = 0, y - 11 = m + l*y. List the prime factors of m.
2
Suppose 4*d = j - 0*j + 287, -215 = -3*d + j. Let x = -37 + d. Suppose 0 = 5*v - 0*v - x. List the prime factors of v.
7
Suppose 3 = -3*j, 3*z - 20 = -2*z - 5*j. Suppose 0 = -z*y - 8 + 33. What are the prime factors of ((-2)/y)/((-1)/30)?
2, 3
Let s(w) = 0*w**3 + 3*w**3 + 11*w - 3*w**3 - w**3 - 10*w**2 + 8. Let m be s(-11). What are the prime factors of 153/12 + 2/m?
13
Let v = 21 + -13. What are the prime factors of v?
2
Let x = 10 - 7. Let s = -53 - -56. Suppose 6*z + 7 = 5*z + 4*d, -s*z = -x*d - 15. What are the prime factors of z?
3
Let z(n) = -18*n**2 + 1. Let a be z(1). Let j = a - -24. Suppose 3*v - j = 11. List the prime factors of v.
2, 3
Let i(d) = -7*d - 7. What are the prime factors of i(-5)?
2, 7
Suppose 0*t - 12 = 4*z - 2*t, 5*z = -2*t + 3. Let v = z + -3. Let w = 16 + v. What are the prime factors of w?
2, 3
Suppose 18 + 18 = 2*u. What are the prime factors of u?
2, 3
Let x be 1710/25 - 2/5. Let s = x + -46. Let h = -6 + s. List the prime factors of h.
2
Suppose 4*b = -3*j + 321, -3*b + 4*j = -194 - 53. What are the prime factors of b?
3
Suppose -4*d + 3*d = -37. What are the prime factors of d?
37
What are the prime factors of (-13)/((-6 - -4) + 1)?
13
List the prime factors of (-10)/(-15) - ((-58)/3 + 0).
2, 5
Suppose 4*l - 10 = -x, -3*x = -0*x - 3*l. Suppose i + x*i + 3 = 0. List the prime factors of 0/i - 24/(-2).
2, 3
Suppose 8 - 52 = -4*p. Let d(x) = 39*x - 2. Let h be d(1). Suppose -4*w + p = -h. List the prime factors of w.
2, 3
Suppose -4*s = -2*x - 56, -s = 2*s - x - 42. Let t = s + 0. What are the prime factors of t?
2, 7
Suppose 4*g = 5*y - 457, 0 = 5*y - 3*g + 2*g - 463. List the prime factors of y.
3, 31
Let w = 8 - 2. What are the prime factors of 84/8*28/w?
7
Let b(z) = z - 1. Let o be b(5). Suppose 0*t = -o*t. List the prime factors of 3/(t - (-1)/3).
3
What are the prime factors of 6*(-1)/(-10) + (-1728)/(-20)?
3, 29
Suppose -3 = -t - 0*t. Suppose g - 11 = -3*r, 2*r - t*g = -r + 15. Suppose -r = -5*z + 21. What are the prime factors of z?
5
Let a = -10 + 14. What are the prime factors of a*(-1 + (-33)/(-4))?
29
Suppose 3 = -3*z - 0*z. List the prime factors of z*(1 - (12 + -2)).
3
Suppose -3*j - 3*w + 33 = 0, -3*j + 2*w - 67 = -8*j. List the prime factors of j.
3, 5
Suppose 3*x = -2*x - u + 123, 0 = 2*x + 2*u - 54. List the prime factors of x.
2, 3
Let q(k) = k**2 - 2*k + 1. Let c be q(1). Let a be 10/(-3 + 1 + c). Let l = 23 + a. List the prime factors of l.
2, 3
Suppose 3*o = -4*q - 10, 3*o = q + 2*q + 18. Let v be (-2)/(-1*1/o). Suppose 5*t - 60 = 2*l - v*l, -2*l + 36 = 3*t. What are the prime factors of t?
2, 3
Let q be (0*(1 - 0))/1. Suppose q = -5*i + 30 - 10. What are the prime factors of i?
2
Suppose 4*f - 8 = 16. Let p(u) = u**2 + 2*u + 1. What are the prime factors of p(f)?
7
What are the prime factors of -3 + 2680/12 + (-4)/(-6)?
13, 17
Suppose 3*b - 12 = 0, 0*b + 25 = 3*k + 4*b. Suppose 9 = k*v - 15. Let i = 16 - v. List the prime factors of i.
2
Let s(i) = i**2 + 6*i + 6. Let n be s(-5). Suppose -2*x + n + 3 = 0. What are the prime factors of x/(-10) + (-126)/(-30)?
2
Let l = -165 + 240. List the prime factors of l.
3, 5
Suppose -3*c + 35 = 5*l, -c - l = -2*c + 25. Let d = 29 - c. What are the prime factors of d?
3
Suppose -5*m + 115 - 10 = 0. List the prime factors of m.
3, 7
Let j(g) = 16*g - 1. Suppose -2*v - 2*v = -4. List the prime factors of j(v).
3, 5
Let z = -1 + 2. Let v be ((-6)/(-8))/(10/120). Let l = z + v. What are the prime factors of l?
2, 5
Suppose -52 = -5*s + 3*w, 14 = 3*s - 2*s + 3*w. Let h(r) = r**2 + 7*r + 6. Let q be h(-6). Suppose u - 1 - s = q. What are the prime factors of u?
2, 3
Suppose -3*y - 3*b = 3, 0*b = -4*y - 2*b + 4. Suppose 5*h - g - y*g - 102 = 0, -30 = -2*h - 2*g. List the prime factors of h.
2, 3
Suppose 3*t + 2 = -4*u + 8, -3*u - 4*t = -1. Suppose 4*q = u*q + 11. What are the prime factors of q?
11
Let g = -8 - -14. Let q(n) = -9 + 1 + n + n. List the prime factors of q(g).
2
Let c(w) = -3*w - 3*w - 1 + w + w**2. What are the prime factors of c(7)?
13
Let f(l) = -l**2 - l - 2. Let n be f(0). Let x be 9 - (1 - n/(-1)). Let p = x - -1. What are the prime factors of p?
11
Let u = 65 + -12. List the prime factors of u.
53
Suppose 3*q + 4*v - 29 = 0, 58 = 5*q - 5*v + 2*v. Suppose -5*k + 13 - 53 = -3*w, -4*k - q = -w. What are the prime factors of w?
3, 5
Suppose r + 3 = 0, -3*k = 2*k + 3*r - 11. Let h be k/(-10) - (-34)/10. Suppose -17 = -h*s - 2. What are the prime factors of s?
5
Let i = 11 + 18. List the prime factors of i.
29
Let r(x) = -21*x**3 + 2*x**2 - x - 2. Let o be r(-2). Suppose 4*i - o = 24. Suppose -4*w = -4*h - 60, 0 = -2*w + 5*w + 2*h - i. What are the prime factors of w?
2
Suppose 2*q + 39 = 3*q. List the prime factors of q.
3, 13
Suppose 19*m + 80 = 23*m. List the prime factors of m.
2, 5
Let h(g) = -8*g - 6*g**2 - 2*g**3 - 6*g**3 + 7*g**3. What are the prime factors of h(-6)?
2, 3
Let l(t) = t**3 + 5*t**2 - 6*t - 3. Let u be l(-6). Let b(p) = -p. List the prime factors of b(u).
3
Let l(j) = j**2 + j + 4. Let v be l(0). Suppose -3*d + 6 = -v*d. Let t = d - -19. List the prime factors of t.
13
Let w(f) = f**3 + 6*f**2 - 10*f + 3. List the prime factors of w(-7).
2, 3
Let v(g) = g**2 - 2*g - 4. Let n be v(-5). Let q = -9 + n. Let l = q - 12. List the prime factors of l.
2, 5
Let j be 40/(-15)*(-6)/4. Suppose 0 = 4*n + j*k - 32, 4*n - 32 = -3*k + k. List the prime factors of n.
2
Let k = 9 + -18. Suppose -4*d - 8 = -h + d, 4*h - 2*d = -4. What are the prime factors of (-2 + 1)*(h + k)?
11
Let c = -90 + 115. What are the prime factors of c?
5
Let q be (-2 - 3) + 3 - 3. What are the prime factors of 2/(q/((-55)/2))?
11
Suppose -192 = -i - 5*j + 206, -5*i + 5*j = -1870. List the prime factors of i.
2, 3, 7
Let x = -10 + 14. What are the prime factors of x?
2
Let a = -1 + 10. Let d = 24 - a. Suppose -j + c + d = 0, 2*c + 0*c = 4*j - 54. List the prime factors of j.
2, 3
Let y = 95 + -19. What are the prime factors of y?
2, 19
Suppose 75 = 6*k - 141. List the prime factors of k.
2, 3
Let z(o) be the third derivative of -o**5/60 + 13*o**3/6 + 2*o**2. List the prime factors of z(0).
13
Suppose 5*k = 4*u + 2*k + 39, 2*u - 4*k + 32 = 0. Let b(i) = -2*i - 10. List the prime factors of b(u).
2
What are the prime factors of 52/5*60/24?
2, 13
Let r = 55 + -30. Let u = r + -11. What are the prime factors of u?
2, 7
Suppose 2*t - 32 = -4*w, 2*w + 4*t = 8 + 8. Let s = w - -5. List the prime factors of s.
13
Let a(r) be the third derivative of -r**4/24 - r**3/2 + 4*r**2. Let g be a(-7). Suppose g*n - 12 = 40. List the prime factors of n.
13
Let t(w) = 3*w + 2. Let b be t(4). Let n = 21 + -24. Let u = b + n. List the prime factors of u.
11
Let o = -98 + 162. Let m = -17 + o. List the prime factors of m.
47
Suppose 58 = 2*w + 4*v, 5*v - 29 = -3*w + 53. Let z = 43 - w. What are the prime factors of z?
2, 3
Suppose -4*k + 419 = -589. List the prime factors of k.
2, 3, 7
Suppose b = -b + 4. Suppose b*r - 6 = r. Let g = r - 2. List the prime factors of g.
2
Let b be (-29)/3 - 10/(-15). Let t = b - -29. List the prime factors of t.
2, 5
Suppose 93 = 4*a - 3. What are the prime factors of (a/14)/(6/21)?
2, 3
Let q(u) = -7*u + 4. Let b be q(4). List the prime factors of ((-9)/(-2))/((-9)/b).
2, 3
Let c = 8 + -16. What are the prime factors of (-55)/(-20) + 6/c?
2
Let z(r) = -19*r - 13. What are the prime factors of z(-4)?
3, 7
Let c(u) = -u**2 + 18*u - 13. What are the prime factors of c(15)?
2
What are the prime factors of 8/(-14) - (-12796)/98?
2, 5, 13
List the prime factors of (-3)/(-9) + 951/(-18)*-2.
2, 53
Let d(l) = -l**2 - 2*l - 3. Let c be d(-3). Let v(q) = -2*q + 3. What are the prime factors of v(c)?
3, 5
Let l = 16 + -7. Suppose 47 = 2*f + 5*x, 3*f + 4*x - l = 4*f. List the prime factors of f.
11
Suppose 0 = -2*o - y - y + 220, 0 = 2*o + 4*y - 218. List the prime factors of o.
3,